ate 57 + -13 + (395 - 384).
55
Calculate -8162 + 8196 + -116 + -1.
-83
Evaluate -120 + 70 - (-4 - -3 - -5 - -5).
-59
-1 + (-4 - 1) - (77 + 2 - (-210 - -234))
-61
What is the value of -18 + (-27 + 18 - -41) + -29 + 95?
80
(5 - -1) + 15 + 27 + -24
24
4 - 6 - (3 + -19 - -10) - -5
9
What is 207 + -198 + (124 - (8 - 9 - -5))?
129
What is -1 + 2 - 127 - (1 + 119 + -73 + -47)?
-126
(-20 + 15 - 13 - -14 - -3) + -34
-35
Evaluate 72 + (-207 - -130) - (1 + -16).
10
Calculate (3 - -41) + -383 + 373.
34
(-27 - (-1 + -38) - (4 - 2 - 45)) + 0
55
Evaluate 5 - (-32 + -14) - 26.
25
What is the value of -42 - (13 + -64 - -20)?
-11
What is the value of 0 + 0 - (-101 + (129 - 36) - (12 + -1))?
19
Evaluate -81 - (-54 + (-21 - -44)).
-50
Evaluate 4 - ((11 - 2) + (-3 - -43)).
-45
What is the value of 1 - 12 - -56 - 19?
26
What is the value of (0 + 2 - -5) + (19 - (18 + -41 + 29))?
20
What is -68 + -9 + 93 + (-6 - 41)?
-31
(-2 - 0) + (-13 - (13 - (9 + -11)))
-30
Evaluate -86 + (-11 - -11) + (-3 - -29).
-60
0 + 13 + (110 - 148) - (-20 - -31)
-36
What is the value of -4 - (-4 - 0) - ((37 - 15) + -5 + -39)?
22
What is the value of -49 + (-35 - (-25 + 0))?
-59
Calculate -11412 - -11413 - (-2 + (3 - 2) - (-1 - -6)).
7
What is the value of 25 + (36 + -39 - 4)?
18
Evaluate 8 + (16 - 1) + 505 + -506 + (10 - -1).
33
What is the value of (8 + -4 - (-8 + 0)) + -32 + 27?
7
Calculate (216 - 184) + (0 - 10) + (-3 - 2).
17
Evaluate -100 + 0 + 48 + 28.
-24
Evaluate (3 - (7 + -20)) + -4 - (7 - 13).
18
(-57 - 1) + (-92 - (80 + -170))
-60
Calculate 36 - (47 - (-48 + 103)).
44
What is the value of 95 + 6 + -21 + (-11 - -23) + 3?
95
What is the value of -1 + -18 - (8 - -1 - (17 - 20))?
-31
Calculate (2 - -8) + (9 + -13 - 5) + -1 + -12.
-12
Evaluate 20 + ((-9 - -16) + 9 + -26 - 39).
-29
What is the value of 1 + -14 - (-822 - -832) - (2 + -2 + -2)?
-21
What is the value of 12 - ((-22 + -9 - -11) + 45) - 108?
-121
What is the value of -105 + 66 + (-95 - -4)?
-130
What is (7 - -8) + (718 - 656)?
77
Evaluate -48 + 7 + (-153 - (-15 - 68)).
-111
What is the value of -5 + 8 - (22 - 2 - (8 - 7 - -4))?
-12
What is the value of -27 + -2 + -5883 + 5819?
-93
What is 4 - (9 - (-22 - -35) - 3)?
11
Evaluate 2 + ((12 - 3) + -21 - (-56 - -57)).
-11
Evaluate -58 - (0 - (3 - 2) - (28 - 46)).
-75
What is the value of (-11 + (25 - (4 - -8)) - -42) + 1 + 5?
50
-15 + 9 + (1 - 16 - (-17 - -9) - 5)
-18
What is the value of -20 + (-12 - -2 - -12) - (-25 - -38)?
-31
Calculate -49 - (-40 + -9 + (92 - 52)).
-40
What is the value of 15 - (-22 + 1) - (66 - 46)?
16
What is the value of 1 - (-31 + 29 + 22 - (9 + 0)) - -2?
-8
Calculate (10 - (-15 + 10 + (11 - 3))) + 3 + 33.
43
What is -129 - (5 - 18) - (2 - 12)?
-106
Calculate (2 - -1 - (168 - 169)) + 11.
15
What is the value of -5 + 48 + -25 + 54 + -129?
-57
What is the value of 0 + -98 - (-331 - -207)?
26
What is the value of 255 + -235 + (3 - 60)?
-37
-30 - (-97 - (4 + -23 + 39))
87
Evaluate -15 - (-4 + 9 - (-22 + -3 + -2)).
-47
5 - (8 - (-5 + 6)) - (1 + -43)
40
128 + 0 + -28 + 49 + -43
106
What is 19 + -4 - 41 - (36 - 41)?
-21
1 - 12 - (42 + -99 + -3) - -13
62
-6 - (-122 - -152) - (-15 - -1)
-22
(-154 + 94 - 2) + 20
-42
What is -14 - -34 - 47 - (-24 - -15)?
-18
2 + (0 - (5 + 5)) + (-18 - -46 - -89)
109
Evaluate (-4 - (-3 - -30)) + 16 + -23.
-38
Evaluate (26 - (12 - (19 - 3) - -4)) + 15.
41
Evaluate -22 - (-25 + -3) - 12 - 75.
-81
Evaluate 1 - -28 - (-1432 - -1483).
-22
What is 99 - ((-2 - -4) + (-200 - -203) + 14)?
80
Evaluate 5 + -73 + 54 + -25 + 18.
-21
Evaluate (42 - 50) + (17 + (11 - 13) - 26).
-19
68 - -11 - (-461 + 489)
51
What is (110 - (-1 - 1)) + (-23 + -37 - -5) + 46?
103
What is the value of (33 - (9 - -6) - -87) + -2?
103
(25 + -8 - 84) + 9 + -12 + -16
-86
What is the value of 11 + -41 + 16 + 4 - ((-1 - 4) + 39)?
-44
Evaluate 1 - (1 + -71) - (-53 + -1 + (-56 - -121)).
60
Calculate (-20 - -5 - -6) + -9 - -8.
-10
What is the value of -29 - 2 - -73 - 97?
-55
Evaluate -69 + 42 + -21 + 9 + 0 + 2.
-37
Calculate -78 + 84 - (7 - (30 - 2)).
27
What is -99 + -19 + -7 + (-34 + 20 - -51)?
-88
What is (1 - -1 - (-9 - (12 - 31)) - 82) + -7?
-97
What is the value of 8 - (93 + -11 + 7 + 0 + -11)?
-70
Evaluate (58 - 39) + -54 + 49 + -16.
-2
(131 - 80) + -21 + -6
24
Evaluate 18 - (-2 + 41 + (-20 - -11)) - -30.
18
Evaluate -2 - -2 - (85 - (12 + (4 - 1)) - -17).
-87
What is the value of 0 + -15 + 1 + 41 + -61?
-34
Calculate 262 + 93 + (-179 - 55).
121
What is -37 + 27 + -24 - 129 - -40?
-123
What is the value of -84 + 72 - -70 - (12 + (3 - 6))?
49
What is the value of 128 + -152 + (-1 - (-2 - -11))?
-34
What is the value of 1 + -40 + 848 + -854?
-45
What is -71 + (85 + 11 - 17) + (0 + -52 - -1)?
-43
Calculate 63 - (0 + (1 - -4) + -1) - (-17 - -11).
65
What is the value of 63 - ((-17 - -6) + 13 - -15)?
46
Calculate 1612 + -1654 + -79 + -3.
-124
Calculate -5 + (15 - 1) + -130 + 121.
0
What is (135 - 113) + (116 - 19)?
119
Calculate 9 + (-26 - 1) + (-27 - -11) - (3 + 5).
-42
-35 + -55 + 85 - 27
-32
42 + (-23 + 109 - 106)
22
What is the value of (2 - 0) + (20 - 21) + -1 + 1 - 5?
-4
-26 - (88 + -78) - -91
55
What is the value of -2 + (33 - ((13 - (-4 + 1 - -3)) + -6))?
24
Calculate -17 + (2 - 97 - (13 - (96 - 61))).
-90
What is the value of 87 - (-77 + 60 + 12)?
92
What is -90 - (-30 - (-24 + -27 - -19))?
-92
What is the value of (-11 - (-16 + 11)) + -7 - (40 - 62)?
9
What is -31 - (-10 - (-28 + -5) - 11)?
-43
What is -70 + (38 - (18 - -3)) + 13 + -1?
-41
Calculate -10 - (-2 - -1) - (339 + -203 - 208).
63
Calculate 46 + (40 - 38 - 32).
16
Evaluate -2639 + 2734 + 10 + -224.
-119
What is (-48 + 29 - -3) + -10 + 9?
-17
-1413 - -1405 - (-17 + -1 + 1)
9
-755 + 720 + (-17 - -1)
-51
What is (-49 - -46) + 5 + 5 + -76 + -13?
-82
Evaluate 18 - (1 + 20) - (28 - 75).
44
Calculate 103 + (14 - 8) + -1 + 2 - (197 - 203).
116
Calculate (4 - 2 - 5) + (1 - 50) + 110 + -110.
-52
What is the value of (4 - ((19 - 12) + 39)) + 98?
56
Calculate 1 + (5 - 2) + 2 + 113 + -138 + 7.
-12
What is the value of 155 - 131 - (-3 + 23) - (8 - 1) - -43?
40
-1 - 4 - (-37 - ((15 - 13) + (7 - -3)))
44
Evaluate (8 - -20) + (-13 + -31 - -6).
-10
Evaluate 73 + (-67 - -36) + -53.
-11
What is the value of (-16 + -10 - -29) + 1 + -77 + 20 + -13?
-66
(-53 - -94 - 26) + (58 - -1)
74
What is (-11 - 2) + -1 - (-2633 + 2514)?
105
What is 2 - ((-29 - 93) + 94)?
30
Calculate -36 - (-33 - (-145 - -98)).
-50
Evaluate (1 + (5 - 3) - -2) + (-4799 - -4810).
16
What is the value of -2 + (56 + 5 - ((-8 - (9 + -10)) + 9))?
57
Evaluate (10 - (38 + -141 + 138 + -5 + 0)) + 8.
-12
18 + (-40 - -20) - (-16 - -15) - (3 - 95)
91
What is (12 + -32 - -87) + 1 + 3?
71
What is 13 - (-5 + 2 + (25 - -18))?
-27
Calculate (1 - 17) + (77 - (14 + 92)).
-45
Calculate -64 - -4 - (15 + (-7 - (-4 + 16)) + 1).
-57
Evaluate -54 + (72 - 10) - 53.
-45
What is the value of (81 - 26 - (-50 + 89)) + -29?
-13
Calculate 5 - (-11 - -12 - -6) - (18 + -5).
-15
Evaluate (-22 - (-87 - -22)) + (-3 - (-5 - -9)) + -3.
33
What is the value of 22 - (20 + -9 + -9 - 12)?
32
Evaluate ((-2 + 6 - -4) + -90 - (-4 - -3)) + 5.
-76
87 + (-1 - (11 + -3)) + -9 + 10 + 11
90
What is -31 - -93 - -12 - 146?
-72
Calculate 85 - (8 - 0 - -4 - (-10 + (-18 - -31))).
76
What is -17 + -9 - -59 - (-6 - 20) - (1 + 4)?
54
Evaluate -10 + 0 + 7 - (5 - 9 - -6 - 4).
-1
What is the value of -13 + 11 - 8 - (19 + 3)?
-32
What is 85 + (-5 - -40 - 137)?
-17
59 - (-62 - -108) - (-1 - -46)
-32
What is the value of (-12 - -5) + 1 + 11 - 18?
-13
Evaluate 484 + -248 - 234 - ((0 - 2) + 0).
4
Evaluate -21 + (-101 + 100 - ((7 - (16 + -8)) + 5)).
-26
Evaluate 102 + (10 + -16 + -2 - 21 - -14).
87
Calculate -47 + (-29 - -85) + -38.
-29
What is the value of 3 - 0 - ((-13 - -50) + 6 + -3 + -4)?
-33
(-23 - -130 - 17) + -1 + -10 + 1
80
What is the value of 19 - 60 - (-32 + 1)?
-10
Evaluate -1 - 88 - ((-17 - -18) + -27 - (0 - 12)).
-75
Evaluate -54 + 0 + 41 + 435 + -445.
-23
What is the value of 68 - (152 + 25 - 158)?
49
What is 0 - -27 - ((-40 - -7) + 22)?
38
What is the value of -13 - -63 - ((-4 - 0) + -2) - 11?
45
Evaluate -24488 + 24475 + 0 + 1 + -35.
-47
What is the value of -42 + (2 - 4) - (-108 - (-188 + 80))?
-44
-2 - 10 - 1 - (65 - (57 - -63))
42
Evaluate (2 - 74) + -44 + (30 - -7) - 8.
-87
What is the value of -24 